{"id":364,"date":"2024-10-14T15:08:13","date_gmt":"2024-10-14T13:08:13","guid":{"rendered":"https:\/\/majeconseil.com\/accueil\/?page_id=364"},"modified":"2024-10-14T15:23:55","modified_gmt":"2024-10-14T13:23:55","slug":"364-2","status":"publish","type":"page","link":"https:\/\/majeconseil.com\/accueil\/364-2\/","title":{"rendered":"Mentions l\u00e9gales"},"content":{"rendered":"<p>[et_pb_section fb_built=\u00a0\u00bb1&Prime; _builder_version=\u00a0\u00bb4.27.2&Prime; _module_preset=\u00a0\u00bbdefault\u00a0\u00bb global_colors_info=\u00a0\u00bb{}\u00a0\u00bb][et_pb_row _builder_version=\u00a0\u00bb4.27.2&Prime; _module_preset=\u00a0\u00bbdefault\u00a0\u00bb global_colors_info=\u00a0\u00bb{}\u00a0\u00bb][et_pb_column type=\u00a0\u00bb4_4&Prime; _builder_version=\u00a0\u00bb4.27.2&Prime; _module_preset=\u00a0\u00bbdefault\u00a0\u00bb global_colors_info=\u00a0\u00bb{}\u00a0\u00bb][et_pb_text _builder_version=\u00a0\u00bb4.27.2&Prime; _module_preset=\u00a0\u00bbdefault\u00a0\u00bb global_colors_info=\u00a0\u00bb{}\u00a0\u00bb]<\/p>\n<p><b>MENTIONS L\u00c9GALES<\/b><\/p>\n<p>&nbsp;<\/p>\n<p><span style=\"font-weight: 400;\">Conform\u00e9ment aux dispositions de la loi n\u00b0 2004-575 du 21 juin 2004 pour la confiance en l&rsquo;\u00e9conomie num\u00e9rique, il est pr\u00e9cis\u00e9 aux utilisateurs du site Maje-Conseil l&rsquo;identit\u00e9 des diff\u00e9rents intervenants dans le cadre de sa r\u00e9alisation et de son suivi.<\/span><\/p>\n<p>&nbsp;<\/p>\n<p><b>Edition du site\u00a0<\/b><\/p>\n<p>&nbsp;<\/p>\n<p><span style=\"font-weight: 400;\">Le pr\u00e9sent site, accessible \u00e0 l\u2019URL www.majeconseil.com (le \u00ab Site \u00bb), est \u00e9dit\u00e9 par :<\/span><\/p>\n<p><i><span style=\"font-weight: 400;\"><br \/><\/span><\/i><span style=\"font-weight: 400;\">MAJE-CONSEIL , soci\u00e9t\u00e9 au capital de 3000 euros, inscrite au R.C.S. de TOULON sous le num\u00e9ro Toulon B 952 780 732, dont le si\u00e8ge social est situ\u00e9 au 540 Boulevard de l&rsquo;Europe (EX RD 26) 83500 La Seyne Sur Mer, repr\u00e9sent\u00e9(e) par Jefferson Brotons d\u00fbment habilit\u00e9(e)<\/span><\/p>\n<p>&nbsp;<\/p>\n<p><span style=\"font-weight: 400;\">Le num\u00e9ro individuel TVA de l\u2019\u00e9diteur est : FR43952780732.<\/span><\/p>\n<p>&nbsp;<\/p>\n<p><b>H\u00e9bergement<\/b><\/p>\n<p><span style=\"font-weight: 400;\"><br \/><\/span><span style=\"font-weight: 400;\">Le Site est h\u00e9berg\u00e9 par la soci\u00e9t\u00e9 OVH SAS, situ\u00e9 2 rue Kellermann &#8211; BP 80157 &#8211; 59053 Roubaix Cedex 1, (contact t\u00e9l\u00e9phonique ou email : 1007).<\/span><\/p>\n<p>&nbsp;<\/p>\n<p><b>Directeur de publication\u00a0<\/b><\/p>\n<p><span style=\"font-weight: 400;\"><br \/><\/span><span style=\"font-weight: 400;\">Le Directeur de la publication du Site est Jefferson Brotons .<\/span><\/p>\n<p>&nbsp;<\/p>\n<p><b>Nous contacter\u00a0<\/b><\/p>\n<p><span style=\"font-weight: 400;\"><br \/><\/span><span style=\"font-weight: 400;\">Par t\u00e9l\u00e9phone\u00a0: +33782285166<\/span><\/p>\n<p><span style=\"font-weight: 400;\">Par email\u00a0: contact@majeconseil.com<\/span><\/p>\n<p><span style=\"font-weight: 400;\">Par courrier\u00a0: 540 Boulevard de l&rsquo;Europe 83500 LA SEYNE SUR MER<\/span><\/p>\n<p>&nbsp;<\/p>\n<p><b>Donn\u00e9es personnelles<\/b><\/p>\n<p>&nbsp;<\/p>\n<p><span style=\"font-weight: 400;\">Le traitement de vos donn\u00e9es \u00e0 caract\u00e8re personnel est r\u00e9gi par notre Charte du respect de la vie priv\u00e9e, disponible depuis la section \u00ab\u00a0Charte de Protection des Donn\u00e9es Personnelles\u00a0\u00bb, conform\u00e9ment au R\u00e8glement G\u00e9n\u00e9ral sur la Protection des Donn\u00e9es 2016\/679 du 27 avril 2016 (\u00abRGPD\u00bb).<\/span><\/p>\n<p>[\/et_pb_text][\/et_pb_column][\/et_pb_row][\/et_pb_section]<\/p>\n","protected":false},"excerpt":{"rendered":"<p>MENTIONS L\u00c9GALES &nbsp; Conform\u00e9ment aux dispositions de la loi n\u00b0 2004-575 du 21 juin 2004 pour la confiance en l&rsquo;\u00e9conomie num\u00e9rique, il est pr\u00e9cis\u00e9 aux utilisateurs du site Maje-Conseil l&rsquo;identit\u00e9 des diff\u00e9rents intervenants dans le cadre de sa r\u00e9alisation et de son suivi. &nbsp; Edition du site\u00a0 &nbsp; Le pr\u00e9sent site, accessible \u00e0 l\u2019URL www.majeconseil.com [&hellip;]<\/p>\n","protected":false},"author":1,"featured_media":0,"parent":0,"menu_order":0,"comment_status":"closed","ping_status":"closed","template":"","meta":{"_et_pb_use_builder":"on","_et_pb_old_content":"","_et_gb_content_width":"","footnotes":""},"class_list":["post-364","page","type-page","status-publish","hentry"],"yoast_head":"<!-- This site is optimized with the Yoast SEO plugin v23.8 - https:\/\/yoast.com\/wordpress\/plugins\/seo\/ -->\n<title>Mentions l\u00e9gales - Maje-Conseil<\/title>\n<meta name=\"robots\" content=\"index, follow, max-snippet:-1, max-image-preview:large, max-video-preview:-1\" \/>\n<link rel=\"canonical\" href=\"https:\/\/majeconseil.com\/accueil\/364-2\/\" \/>\n<meta property=\"og:locale\" content=\"fr_FR\" \/>\n<meta property=\"og:type\" content=\"article\" \/>\n<meta property=\"og:title\" content=\"Mentions l\u00e9gales - Maje-Conseil\" \/>\n<meta property=\"og:description\" content=\"MENTIONS L\u00c9GALES &nbsp; Conform\u00e9ment aux dispositions de la loi n\u00b0 2004-575 du 21 juin 2004 pour la confiance en l&#039;\u00e9conomie num\u00e9rique, il est pr\u00e9cis\u00e9 aux utilisateurs du site Maje-Conseil l&#039;identit\u00e9 des diff\u00e9rents intervenants dans le cadre de sa r\u00e9alisation et de son suivi. &nbsp; Edition du site\u00a0 &nbsp; Le pr\u00e9sent site, accessible \u00e0 l\u2019URL www.majeconseil.com [&hellip;]\" \/>\n<meta property=\"og:url\" content=\"https:\/\/majeconseil.com\/accueil\/364-2\/\" \/>\n<meta property=\"og:site_name\" content=\"Maje-Conseil\" \/>\n<meta property=\"article:modified_time\" content=\"2024-10-14T13:23:55+00:00\" \/>\n<meta name=\"twitter:card\" content=\"summary_large_image\" \/>\n<meta name=\"twitter:label1\" content=\"Dur\u00e9e de lecture estim\u00e9e\" \/>\n\t<meta name=\"twitter:data1\" content=\"2 minutes\" \/>\n<script type=\"application\/ld+json\" class=\"yoast-schema-graph\">{\"@context\":\"https:\/\/schema.org\",\"@graph\":[{\"@type\":\"WebPage\",\"@id\":\"https:\/\/majeconseil.com\/accueil\/364-2\/\",\"url\":\"https:\/\/majeconseil.com\/accueil\/364-2\/\",\"name\":\"Mentions l\u00e9gales - Maje-Conseil\",\"isPartOf\":{\"@id\":\"https:\/\/majeconseil.com\/accueil\/#website\"},\"datePublished\":\"2024-10-14T13:08:13+00:00\",\"dateModified\":\"2024-10-14T13:23:55+00:00\",\"breadcrumb\":{\"@id\":\"https:\/\/majeconseil.com\/accueil\/364-2\/#breadcrumb\"},\"inLanguage\":\"fr-FR\",\"potentialAction\":[{\"@type\":\"ReadAction\",\"target\":[\"https:\/\/majeconseil.com\/accueil\/364-2\/\"]}]},{\"@type\":\"BreadcrumbList\",\"@id\":\"https:\/\/majeconseil.com\/accueil\/364-2\/#breadcrumb\",\"itemListElement\":[{\"@type\":\"ListItem\",\"position\":1,\"name\":\"Accueil\",\"item\":\"https:\/\/majeconseil.com\/accueil\/\"},{\"@type\":\"ListItem\",\"position\":2,\"name\":\"Mentions l\u00e9gales\"}]},{\"@type\":\"WebSite\",\"@id\":\"https:\/\/majeconseil.com\/accueil\/#website\",\"url\":\"https:\/\/majeconseil.com\/accueil\/\",\"name\":\"Maje-Conseil\",\"description\":\"Accompagnement aux appels d&#039;offres\",\"potentialAction\":[{\"@type\":\"SearchAction\",\"target\":{\"@type\":\"EntryPoint\",\"urlTemplate\":\"https:\/\/majeconseil.com\/accueil\/?s={search_term_string}\"},\"query-input\":{\"@type\":\"PropertyValueSpecification\",\"valueRequired\":true,\"valueName\":\"search_term_string\"}}],\"inLanguage\":\"fr-FR\"}]}<\/script>\n<!-- \/ Yoast SEO plugin. -->","yoast_head_json":{"title":"Mentions l\u00e9gales - Maje-Conseil","robots":{"index":"index","follow":"follow","max-snippet":"max-snippet:-1","max-image-preview":"max-image-preview:large","max-video-preview":"max-video-preview:-1"},"canonical":"https:\/\/majeconseil.com\/accueil\/364-2\/","og_locale":"fr_FR","og_type":"article","og_title":"Mentions l\u00e9gales - Maje-Conseil","og_description":"MENTIONS L\u00c9GALES &nbsp; Conform\u00e9ment aux dispositions de la loi n\u00b0 2004-575 du 21 juin 2004 pour la confiance en l'\u00e9conomie num\u00e9rique, il est pr\u00e9cis\u00e9 aux utilisateurs du site Maje-Conseil l'identit\u00e9 des diff\u00e9rents intervenants dans le cadre de sa r\u00e9alisation et de son suivi. &nbsp; Edition du site\u00a0 &nbsp; Le pr\u00e9sent site, accessible \u00e0 l\u2019URL www.majeconseil.com [&hellip;]","og_url":"https:\/\/majeconseil.com\/accueil\/364-2\/","og_site_name":"Maje-Conseil","article_modified_time":"2024-10-14T13:23:55+00:00","twitter_card":"summary_large_image","twitter_misc":{"Dur\u00e9e de lecture estim\u00e9e":"2 minutes"},"schema":{"@context":"https:\/\/schema.org","@graph":[{"@type":"WebPage","@id":"https:\/\/majeconseil.com\/accueil\/364-2\/","url":"https:\/\/majeconseil.com\/accueil\/364-2\/","name":"Mentions l\u00e9gales - Maje-Conseil","isPartOf":{"@id":"https:\/\/majeconseil.com\/accueil\/#website"},"datePublished":"2024-10-14T13:08:13+00:00","dateModified":"2024-10-14T13:23:55+00:00","breadcrumb":{"@id":"https:\/\/majeconseil.com\/accueil\/364-2\/#breadcrumb"},"inLanguage":"fr-FR","potentialAction":[{"@type":"ReadAction","target":["https:\/\/majeconseil.com\/accueil\/364-2\/"]}]},{"@type":"BreadcrumbList","@id":"https:\/\/majeconseil.com\/accueil\/364-2\/#breadcrumb","itemListElement":[{"@type":"ListItem","position":1,"name":"Accueil","item":"https:\/\/majeconseil.com\/accueil\/"},{"@type":"ListItem","position":2,"name":"Mentions l\u00e9gales"}]},{"@type":"WebSite","@id":"https:\/\/majeconseil.com\/accueil\/#website","url":"https:\/\/majeconseil.com\/accueil\/","name":"Maje-Conseil","description":"Accompagnement aux appels d&#039;offres","potentialAction":[{"@type":"SearchAction","target":{"@type":"EntryPoint","urlTemplate":"https:\/\/majeconseil.com\/accueil\/?s={search_term_string}"},"query-input":{"@type":"PropertyValueSpecification","valueRequired":true,"valueName":"search_term_string"}}],"inLanguage":"fr-FR"}]}},"_links":{"self":[{"href":"https:\/\/majeconseil.com\/accueil\/wp-json\/wp\/v2\/pages\/364","targetHints":{"allow":["GET"]}}],"collection":[{"href":"https:\/\/majeconseil.com\/accueil\/wp-json\/wp\/v2\/pages"}],"about":[{"href":"https:\/\/majeconseil.com\/accueil\/wp-json\/wp\/v2\/types\/page"}],"author":[{"embeddable":true,"href":"https:\/\/majeconseil.com\/accueil\/wp-json\/wp\/v2\/users\/1"}],"replies":[{"embeddable":true,"href":"https:\/\/majeconseil.com\/accueil\/wp-json\/wp\/v2\/comments?post=364"}],"version-history":[{"count":4,"href":"https:\/\/majeconseil.com\/accueil\/wp-json\/wp\/v2\/pages\/364\/revisions"}],"predecessor-version":[{"id":373,"href":"https:\/\/majeconseil.com\/accueil\/wp-json\/wp\/v2\/pages\/364\/revisions\/373"}],"wp:attachment":[{"href":"https:\/\/majeconseil.com\/accueil\/wp-json\/wp\/v2\/media?parent=364"}],"curies":[{"name":"wp","href":"https:\/\/api.w.org\/{rel}","templated":true}]}}